13.
1523
-689 (base 10) to base 14
-373
Convert -3069 (base 12) to base 14.
-1cc1
What is -1100111001000101 (base 2) in base 4?
-30321011
132203 (base 4) to base 12
116b
1628 (base 15) to base 13
2225
b942 (base 15) to base 13
14b04
164 (base 9) to base 11
117
Convert -5982 (base 12) to base 15.
-2e8e
What is 22325 (base 7) in base 12?
3332
-1212202 (base 3) to base 7
-3665
-100101111110 (base 2) to base 7
-10041
6b4a (base 13) to base 10
15103
Convert 21111210 (base 3) to base 14.
1dd1
Convert -2e (base 16) to base 7.
-64
What is 6d3 (base 16) in base 4?
123103
Convert -31312 (base 5) to base 4.
-200202
37363 (base 11) to base 8
150650
What is -6041 (base 8) in base 13?
-154b
What is 184 (base 13) in base 4?
10111
Convert -1bc7b (base 14) to base 5.
-4233221
-103213 (base 7) to base 16
-4618
-4416 (base 11) to base 7
-22661
What is 11114 (base 5) in base 14?
400
What is -4635 (base 7) in base 12?
-b90
Convert 2612 (base 8) to base 13.
851
Convert -5112 (base 8) to base 6.
-20110
What is 100706 (base 8) in base 11?
22a62
What is -201110 (base 5) in base 6?
-45353
What is -1805 (base 12) in base 5?
-43020
20221 (base 3) to base 8
273
Convert -1100001000001011 (base 2) to base 11.
-3435a
What is 101001001011 (base 2) in base 12?
1637
-2331001 (base 4) to base 5
-341342
Convert -28960 (base 10) to base 14.
-a7a8
What is 2883 (base 10) in base 2?
101101000011
4153 (base 11) to base 6
41251
-2543 (base 15) to base 2
-1111100000010
What is 98d (base 14) in base 2?
11101100001
What is 173 (base 11) in base 5?
1301
4314 (base 5) to base 9
718
Convert -1153343 (base 6) to base 3.
-10010122000
cfd (base 16) to base 4
303331
What is -6323 (base 7) in base 5?
-32342
Convert a928 (base 14) to base 2.
111001000111000
-1100120 (base 3) to base 11
-818
What is -27327 (base 12) in base 10?
-54031
Convert -31 (base 15) to base 9.
-51
Convert 1455 (base 8) to base 13.
4a7
What is -2347 (base 9) in base 3?
-2101121
What is -1031 (base 8) in base 3?
-201220
-b247 (base 13) to base 10
-24564
What is -36566 (base 7) in base 2?
-10010101010010
What is 444 (base 14) in base 5?
11334
What is 12011221 (base 3) in base 5?
110103
Convert 1112232 (base 4) to base 6.
41410
What is 11072 (base 8) in base 6?
33334
What is 1544 (base 6) in base 4?
12220
What is 22c6 (base 16) in base 13?
408a
What is -1010111011 (base 2) in base 13?
-41a
What is 3856 (base 10) in base 5?
110411
What is 8785 (base 9) in base 12?
38b8
397 (base 10) to base 14
205
Convert 259 (base 13) to base 2.
110011100
-12331 (base 4) to base 9
-544
1db (base 15) to base 2
110101111
Convert -13465 (base 9) to base 10.
-9131
Convert 13862 (base 9) to base 15.
2c02
-33443 (base 6) to base 4
-1021203
What is 24131 (base 5) in base 12?
1053
Convert -5a5 (base 11) to base 12.
-500
Convert 3326 (base 13) to base 5.
212010
3097 (base 16) to base 2
11000010010111
-54c3 (base 15) to base 10
-17958
What is 966a (base 11) in base 16?
31ed
What is -2012102002 (base 3) in base 16?
-a92e
What is -74 (base 10) in base 2?
-1001010
-10101011 (base 2) to base 5
-1141
-2021 (base 11) to base 2
-101001111101
2131 (base 12) to base 8
7065
What is 52 (base 14) in base 7?
132
Convert -97 (base 12) to base 3.
-11021
729 (base 10) to base 2
1011011001
Convert -1477 (base 8) to base 3.
-1010210
40c (base 13) to base 3
221111
Convert -1334232 (base 5) to base 13.
-c64c
Convert 3177 (base 10) to base 3.
11100200
What is 9b7 (base 12) in base 16?
59b
Convert 1202 (base 7) to base 14.
239
-413 (base 10) to base 7
-1130
Convert -114 (base 14) to base 16.
-d6
What is -1132 (base 9) in base 16?
-347
-41205 (base 6) to base 3
-21111212
Convert 20321 (base 6) to base 7.
10624
Convert 361 (base 7) to base 3.
21001
176 (base 16) to base 10
374
667 (base 8) to base 16
1b7
Convert 26005 (base 9) to base 8.
42135
144 (base 13) to base 5
1400
Convert 782 (base 15) to base 7.
4643
What is 110020 (base 4) in base 12?
8b4
Convert 2417 (base 14) to base 9.
8562
-21140 (base 10) to base 14
-79c0
2010310 (base 4) to base 12
4b04
-2633 (base 7) to base 14
-51a
Convert 1411 (base 7) to base 5.
4142
-144201 (base 5) to base 3
-22110202
What is -6fe8 (base 16) in base 10?
-28648
5031 (base 6) to base 5
13344
189 (base 12) to base 2
11111001
Convert 339 (base 10) to base 8.
523
Convert -a5dc (base 16) to base 11.
-299a0
What is bb9 (base 14) in base 15?
a49
-a24 (base 12) to base 16
-5bc
Convert 1252 (base 12) to base 8.
4036
-13013 (base 13) to base 7
-204350
What is 2250 (base 11) in base 5?
43314
-5af (base 16) to base 14
-75d
What is -21e (base 16) in base 12?
-392
What is -1300 (base 6) in base 12?
-230
Convert 320433 (base 5) to base 13.
4b75
-362 (base 11) to base 8
-657
-61322 (base 7) to base 14
-5612
59d7 (base 15) to base 11
13396
What is 222021212 (base 3) in base 6?
224422
-142524 (base 7) to base 8
-65340
Convert 110100111 (base 3) to base 14.
33d2
Convert 111442 (base 6) to base 8.
22362
What is 9969 (base 15) in base 9?
48520
8892 (base 11) to base 16
2dc5
59b4 (base 14) to base 12
9076
What is -17717 (base 9) in base 3?
-121210121
Convert 28b (base 12) to base 10.
395
-216 (base 14) to base 11
-345
What is 2626 (base 7) in base 13?
5bc
Convert -19cc (base 13) to base 16.
-f2e
-110622 (base 7) to base 4
-10300332
-7333 (base 8) to base 10
-3803
Convert 44301 (base 8) to base 11.
12aa2
Convert 37d1 (base 16) to base 6.
150053
Convert 3236 (base 9) to base 11.
1876
Convert -152143 (base 7) to base 4.
-13032022
-3448 (base 9) to base 6
-15455
What is 114d (base 16) in base 11?
3367
-740 (base 9) to base 15
-2a3
21d (base 16) to base 5
4131
What is -914 (base 13) in base 5?
-22123
-1201200022 (base 3) to base 13
-12647
39a4 (base 14) to base 5
311030
What is 2403 (base 7) in base 10?
885
-c5b5 (base 15) to base 4
-22031003
What is 2c40 (base 15) in base 2?
10010100100110
Convert -1076 (base 8) to base 7.
-1450
-2060 (base 14) to base 4
-1113010
What is -8508 (base 11) in base 10?
-11261
3031 (base 6) to base 9
821
What is -111111110011001 (base 2) in base 15?
-9a2a
What is 131 (base 4) in base 3?
1002
2130102 (base 4) to base 12
5956
3653 (base 9) to base 12
16a9
Convert -220 (base 11) to base 6.
-1120
1978 (base 10) to base 6
13054
Convert -584 (base 12) to base 2.
-1100110100
-2350 (base 7) to base 14
-460
What is -17631 (base 11) in base 14?
-9018
What is 22331 (base 6) in base 5?
100101
-32010221 (base 4) to base 10
-57641
What is -5c (base 13) in base 2?
-1001101
What is 24b0 (base 12) in base 15?
1379
2948 (base 11) to base 2
111011011011
Convert 1369 (base 11) to base 6.
12105
Convert -1a65 (base 14) to base 9.
-6515
What is -3467 (base 8) in base 15?
-832
What is -35271 (base 8) in base 6?
-153333
What is 11500 (base 9) in base 16?
1e0f
What is -101010110110 (base 2) in base 14?
-ddc
Convert -110001000110 (base 2) to base 4.
-301012
67b9 (base 12) to base 10
11517
Convert -3121 (base 6) to base 14.
-37b
What is 26446 (base 8) in base 6?
125302
What is -101010100111 (base 2) in base 15?
-c1c
Convert 1001101001000 (base 2) to base 13.
2329
What is e720 (base 16) in base 13?
20c15
-100110110111100 (base 2) to base 4
-10312330
What is -1047 (base 9) in base 12?
-544
What is 15330 (base 12) in base 8?
72224
-93 (base 16) to base 7
-300
What is -4430 (base 6) in base 16?
-402
What is -786 (base 15) in base 3?
-2100000
-8555 (base 9) to base 11
-47a6
Convert -131343 (base 5) to base 12.
-3033
1091 (base 10) to base 14
57d
Convert -51330 (base 6) to base 5.
-204242
Convert -522 (base 7) to base 2.
-100000101
-71c (base 13) to base 8
-2270
What is 4749 (base 12) in base 2?
1111100101001
-24624 (base 10) to base 8
-60060
What is -660 (base 10) in base 6?
-3020
What is -42680 (base 9) in base 15?
-8590
What is -24 (base 8) in base 11?
-19
Convert 1011101011 (base 2) to base 13.
456
-101 (base 2) to base 13
-5
Convert -174a (base 12) to base 16.
-aea
What is -415 (base 7) in base 14?
-10c
1398 (base 15) to base 9
5668
Convert -16386 (base 10) to base 9.
-24426
10101101010 (base 2) to base 4
111222
-1255 (base 8) to base 6
-3101
Convert 30523 (base 6) to base 11.
3082
Convert -27438 (base 9) to base 8.
-44230
-407 (base 10) to base 4
-12113
What is 10c1 (base 13) in base 16?
932
Convert -1b4b (base 16) to base 4.
-1231023
Convert 1000111101100 (bas